y 27.
4
What is the remainder when 53 is divided by 22?
9
What is the remainder when 60 is divided by 12?
0
What is the remainder when 17471 is divided by 208?
207
What is the remainder when 2393 is divided by 9?
8
Calculate the remainder when 3918 is divided by 140.
138
Calculate the remainder when 28557 is divided by 140.
137
Calculate the remainder when 47603 is divided by 13.
10
What is the remainder when 936 is divided by 234?
0
What is the remainder when 225 is divided by 43?
10
Calculate the remainder when 417 is divided by 10.
7
Calculate the remainder when 2927 is divided by 21.
8
What is the remainder when 647 is divided by 72?
71
Calculate the remainder when 300 is divided by 8.
4
What is the remainder when 183 is divided by 32?
23
What is the remainder when 3087 is divided by 192?
15
What is the remainder when 1036 is divided by 1032?
4
Calculate the remainder when 824 is divided by 339.
146
What is the remainder when 2106 is divided by 43?
42
What is the remainder when 16448 is divided by 18?
14
Calculate the remainder when 586 is divided by 287.
12
Calculate the remainder when 379 is divided by 53.
8
Calculate the remainder when 138 is divided by 28.
26
Calculate the remainder when 2220 is divided by 57.
54
What is the remainder when 723 is divided by 39?
21
Calculate the remainder when 522 is divided by 12.
6
What is the remainder when 2361 is divided by 139?
137
What is the remainder when 165 is divided by 44?
33
Calculate the remainder when 58 is divided by 16.
10
What is the remainder when 556 is divided by 58?
34
Calculate the remainder when 100 is divided by 3.
1
What is the remainder when 34 is divided by 16?
2
Calculate the remainder when 1581 is divided by 44.
41
What is the remainder when 82 is divided by 10?
2
Calculate the remainder when 498 is divided by 58.
34
Calculate the remainder when 6143 is divided by 12.
11
Calculate the remainder when 233 is divided by 39.
38
What is the remainder when 202 is divided by 17?
15
What is the remainder when 84 is divided by 5?
4
Calculate the remainder when 169 is divided by 44.
37
What is the remainder when 349 is divided by 35?
34
Calculate the remainder when 1585 is divided by 57.
46
Calculate the remainder when 825 is divided by 69.
66
Calculate the remainder when 470 is divided by 34.
28
What is the remainder when 418 is divided by 37?
11
What is the remainder when 114 is divided by 10?
4
Calculate the remainder when 1796 is divided by 29.
27
Calculate the remainder when 3942 is divided by 1311.
9
Calculate the remainder when 74 is divided by 3.
2
Calculate the remainder when 527 is divided by 32.
15
What is the remainder when 59 is divided by 34?
25
Calculate the remainder when 8695 is divided by 116.
111
What is the remainder when 392 is divided by 27?
14
Calculate the remainder when 8339 is divided by 9.
5
Calculate the remainder when 10561 is divided by 55.
1
What is the remainder when 882 is divided by 15?
12
What is the remainder when 94 is divided by 88?
6
What is the remainder when 209 is divided by 54?
47
Calculate the remainder when 258 is divided by 68.
54
What is the remainder when 117 is divided by 41?
35
What is the remainder when 366 is divided by 29?
18
What is the remainder when 1596 is divided by 47?
45
Calculate the remainder when 1172 is divided by 2.
0
Calculate the remainder when 12117 is divided by 83.
82
Calculate the remainder when 229 is divided by 119.
110
Calculate the remainder when 5198 is divided by 52.
50
Calculate the remainder when 525 is divided by 66.
63
Calculate the remainder when 1006 is divided by 28.
26
What is the remainder when 1008 is divided by 22?
18
Calculate the remainder when 15976 is divided by 10.
6
What is the remainder when 863 is divided by 124?
119
What is the remainder when 1308 is divided by 67?
35
What is the remainder when 850 is divided by 71?
69
Calculate the remainder when 134 is divided by 83.
51
What is the remainder when 218 is divided by 24?
2
What is the remainder when 216 is divided by 22?
18
What is the remainder when 316 is divided by 92?
40
Calculate the remainder when 123 is divided by 69.
54
Calculate the remainder when 11 is divided by 4.
3
Calculate the remainder when 148 is divided by 80.
68
Calculate the remainder when 1095 is divided by 221.
211
Calculate the remainder when 878 is divided by 31.
10
Calculate the remainder when 1123 is divided by 10.
3
Calculate the remainder when 63 is divided by 19.
6
Calculate the remainder when 95 is divided by 53.
42
Calculate the remainder when 370 is divided by 53.
52
What is the remainder when 103 is divided by 56?
47
Calculate the remainder when 518 is divided by 65.
63
Calculate the remainder when 61 is divided by 16.
13
Calculate the remainder when 2548 is divided by 44.
40
What is the remainder when 144 is divided by 19?
11
Calculate the remainder when 474 is divided by 116.
10
Calculate the remainder when 2908 is divided by 91.
87
Calculate the remainder when 178 is divided by 53.
19
What is the remainder when 33 is divided by 21?
12
Calculate the remainder when 84510 is divided by 7.
6
Calculate the remainder when 604 is divided by 51.
43
Calculate the remainder when 12004 is divided by 11994.
10
Calculate the remainder when 453 is divided by 8.
5
What is the remainder when 205 is divided by 23?
21
What is the remainder when 4145 is divided by 173?
166
What is the remainder when 793 is divided by 161?
149
Calculate the remainder when 2152 is divided by 20.
12
Calculate the remainder when 500 is divided by 239.
22
What is the remainder when 142 is divided by 134?
8
What is the remainder when 15468 is divided by 5154?
6
Calculate the remainder when 118 is divided by 35.
13
What is the remainder when 176 is divided by 133?
43
What is the remainder when 288 is divided by 151?
137
What is the remainder when 702 is divided by 37?
36
Calculate the remainder when 1087 is divided by 217.
2
Calculate the remainder when 196 is divided by 108.
88
Calculate the remainder when 554 is divided by 37.
36
What is the remainder when 694 is divided by 343?
8
What is the remainder when 442 is divided by 74?
72
What is the remainder when 1666 is divided by 80?
66
What is the remainder when 53 is divided by 14?
11
What is the remainder when 65218 is divided by 121?
120
What is the remainder when 568 is divided by 44?
40
Calculate the remainder when 275 is divided by 269.
6
What is the remainder when 138 is divided by 7?
5
What is the remainder when 220 is divided by 95?
30
Calculate the remainder when 925 is divided by 74.
37
What is the remainder when 578 is divided by 29?
27
Calculate the remainder when 757 is divided by 752.
5
What is the remainder when 129 is divided by 36?
21
What is the remainder when 109 is divided by 22?
21
Calculate the remainder when 2567 is divided by 98.
19
Calculate the remainder when 23 is divided by 9.
5
Calculate the remainder when 184 is divided by 94.
90
What is the remainder when 390 is divided by 99?
93
Calculate the remainder when 5059 is divided by 21.
19
Calculate the remainder when 255 is divided by 19.
8
What is the remainder when 544 is divided by 9?
4
Calculate the remainder when 1621 is divided by 119.
74
What is the remainder when 35 is divided by 13?
9
What is the remainder when 473 is divided by 68?
65
Calculate the remainder when 8637 is divided by 3.
0
Calculate the remainder when 617 is divided by 57.
47
What is the remainder when 1376 is divided by 20?
16
What is the remainder when 1096 is divided by 34?
8
What is the remainder when 985 is divided by 196?
5
What is the remainder when 323 is divided by 31?
13
Calculate the remainder when 85 is divided by 36.
13
What is the remainder when 2947 is divided by 268?
267
What is the remainder when 265 is divided by 54?
49
Calculate the remainder when 973 is divided by 61.
58
Calculate the remainder when 36481 is divided by 17.
16
What is the remainder when 552 is divided by 5?
2
Calculate the remainder when 42481 is divided by 172.
169
Calculate the remainder when 108 is divided by 36.
0
Calculate the remainder when 191 is divided by 16.
15
Calculate the remainder when 1111 is divided by 22.
11
Calculate the remainder when 850 is divided by 86.
76
Calculate the remainder whe